2827 is divided by 243.
154
Calculate the remainder when 26892865 is divided by 8964278.
31
What is the remainder when 7930374 is divided by 267?
207
What is the remainder when 73650 is divided by 302?
264
Calculate the remainder when 27821262 is divided by 4496.
14
What is the remainder when 205231 is divided by 102599?
33
Calculate the remainder when 51713 is divided by 1196.
285
What is the remainder when 877658 is divided by 292166?
1160
Calculate the remainder when 408619 is divided by 9963.
136
Calculate the remainder when 1664418 is divided by 8806.
84
What is the remainder when 2774868 is divided by 92494?
48
Calculate the remainder when 39406845 is divided by 2975.
2970
Calculate the remainder when 56813 is divided by 5679.
23
Calculate the remainder when 28455 is divided by 212.
47
Calculate the remainder when 48097492 is divided by 7553.
7541
Calculate the remainder when 3721630 is divided by 188.
170
Calculate the remainder when 1070882318 is divided by 13.
12
What is the remainder when 32731 is divided by 6511?
176
Calculate the remainder when 28395 is divided by 28243.
152
Calculate the remainder when 62062 is divided by 20640.
142
What is the remainder when 142786 is divided by 8?
2
What is the remainder when 698414 is divided by 1699?
125
What is the remainder when 557705 is divided by 716?
657
Calculate the remainder when 37571 is divided by 472.
283
Calculate the remainder when 6183254 is divided by 10271.
112
Calculate the remainder when 2999224 is divided by 167.
71
Calculate the remainder when 6378590 is divided by 93.
92
Calculate the remainder when 132453 is divided by 25409.
5408
What is the remainder when 3085584 is divided by 1028522?
18
Calculate the remainder when 3258535 is divided by 296230.
5
What is the remainder when 1861734 is divided by 132951?
420
What is the remainder when 2107993 is divided by 234160?
553
Calculate the remainder when 53128 is divided by 47713.
5415
Calculate the remainder when 1069154 is divided by 1188.
1142
What is the remainder when 22225 is divided by 19381?
2844
Calculate the remainder when 119425263 is divided by 428.
423
What is the remainder when 50231855 is divided by 34?
17
Calculate the remainder when 2165013 is divided by 4253.
236
Calculate the remainder when 22305350 is divided by 259.
11
Calculate the remainder when 32480244 is divided by 10826748.
0
What is the remainder when 6269 is divided by 4768?
1501
What is the remainder when 11455596 is divided by 13?
9
What is the remainder when 1738903 is divided by 43472?
23
What is the remainder when 13307857 is divided by 443590?
157
What is the remainder when 18406454 is divided by 161460?
14
What is the remainder when 4748414 is divided by 402?
392
Calculate the remainder when 448543 is divided by 1213.
946
What is the remainder when 169402 is divided by 42314?
146
Calculate the remainder when 121895 is divided by 4865.
270
What is the remainder when 11515596 is divided by 235007?
253
What is the remainder when 3394812 is divided by 9?
3
Calculate the remainder when 6673 is divided by 1548.
481
What is the remainder when 1316558797 is divided by 6651?
6649
What is the remainder when 5506400 is divided by 206?
20
What is the remainder when 908047 is divided by 220?
107
Calculate the remainder when 179145 is divided by 8530.
15
Calculate the remainder when 2456703 is divided by 1630.
293
What is the remainder when 2172748 is divided by 593?
589
What is the remainder when 157024 is divided by 2760?
2464
What is the remainder when 63978 is divided by 2198?
236
What is the remainder when 13806 is divided by 12692?
1114
What is the remainder when 8018151 is divided by 517?
515
Calculate the remainder when 80748 is divided by 13448.
60
Calculate the remainder when 3770130 is divided by 4.
2
What is the remainder when 2073093 is divided by 103652?
53
Calculate the remainder when 135195524 is divided by 3904.
4
What is the remainder when 163684 is divided by 216?
172
Calculate the remainder when 4374465 is divided by 3272.
3073
Calculate the remainder when 196503 is divided by 49086.
159
What is the remainder when 50361804 is divided by 251809?
4
Calculate the remainder when 134977 is divided by 979.
854
What is the remainder when 185268 is divided by 6175?
18
What is the remainder when 155480 is divided by 6739?
483
Calculate the remainder when 3299278 is divided by 1099595.
493
Calculate the remainder when 108067465 is divided by 21.
16
Calculate the remainder when 246670 is divided by 30821.
102
What is the remainder when 43387630 is divided by 19?
9
Calculate the remainder when 2436639 is divided by 238.
233
What is the remainder when 7067896 is divided by 460?
456
Calculate the remainder when 107369 is divided by 2146.
69
Calculate the remainder when 223887598 is divided by 11.
0
Calculate the remainder when 111245 is divided by 54574.
2097
What is the remainder when 327200 is divided by 163482?
236
Calculate the remainder when 630521 is divided by 3868.
37
Calculate the remainder when 45036 is divided by 8995.
61
What is the remainder when 133399 is divided by 100?
99
What is the remainder when 110344024 is divided by 27586000?
24
What is the remainder when 6448359 is divided by 1611947?
571
Calculate the remainder when 35475 is divided by 4024.
3283
Calculate the remainder when 1787677 is divided by 137513.
8
Calculate the remainder when 72104 is divided by 4710.
1454
What is the remainder when 5895140 is divided by 3696?
20
Calculate the remainder when 29545744 is divided by 82.
78
What is the remainder when 7749032 is divided by 2583009?
5
What is the remainder when 426032 is divided by 70991?
86
Calculate the remainder when 350641 is divided by 70056.
361
Calculate the remainder when 235355 is divided by 566.
465
Calculate the remainder when 407466 is divided by 412.
410
What is the remainder when 6698265 is divided by 23?
21
Calculate the remainder when 518414 is divided by 22538.
40
What is the remainder when 372043 is divided by 185936?
171
Calculate the remainder when 18426 is divided by 2834.
1422
What is the remainder when 76908 is divided by 5326?
2344
Calculate the remainder when 19200 is divided by 16571.
2629
Calculate the remainder when 7345 is divided by 7208.
137
Calculate the remainder when 6113 is divided by 459.
146
What is the remainder when 194198 is divided by 200?
198
What is the remainder when 311228777 is divided by 5?
2
Calculate the remainder when 13257810 is divided by 6.
0
Calculate the remainder when 123631676 is divided by 910.
896
What is the remainder when 39151 is divided by 9739?
195
Calculate the remainder when 290223 is divided by 3017.
591
Calculate the remainder when 5964451 is divided by 773.
756
Calculate the remainder when 6442630 is divided by 47.
11
What is the remainder when 30068311 is divided by 3670?
1
Calculate the remainder when 15423265 is divided by 14.
11
Calculate the remainder when 1520813 is divided by 86.
75
Calculate the remainder when 830491 is divided by 4914.
25
What is the remainder when 8360516 is divided by 2072?
2068
Calculate the remainder when 1705751 is divided by 68.
39
Calculate the remainder when 569742 is divided by 1574.
1528
What is the remainder when 425510 is divided by 155?
35
Calculate the remainder when 62416 is divided by 1548.
496
What is the remainder when 55868179 is divided by 67719?
4
What is the remainder when 18662835 is divided by 18662822?
13
What is the remainder when 4652028 is divided by 73?
30
What is the remainder when 16836975 is divided by 1009?
801
What is the remainder when 826982 is divided by 109?
108
Calculate the remainder when 1873387 is divided by 124892.
7
Calculate the remainder when 11708693 is divided by 11708684.
9
Calculate the remainder when 3033767 is divided by 2081.
1750
What is the remainder when 1929501 is divided by 48?
45
Calculate the remainder when 13828 is divided by 269.
109
What is the remainder when 1394087 is divided by 33191?
65
What is the remainder when 4239356 is divided by 34?
32
Calculate the remainder when 1065400 is divided by 355011.
367
Calculate the remainder when 1788140 is divided by 74479.
644
Calculate the remainder when 515306 is divided by 386.
382
What is the remainder when 192315 is